hat are the prime factors of f?
2, 331
Let o(f) = -f**3 + 13*f**2 - 13*f - 14. Let t be o(12). Let u = 428 + t. List the prime factors of u.
2, 3, 67
Suppose -5*m - f + 13 = 0, 10*m - 13*m = f - 7. Suppose 64 + 275 = m*r. What are the prime factors of r?
113
Suppose 578970 = 170*z - 267290. What are the prime factors of z?
2, 19, 131
Suppose -141*i + 10633755 = 148*i. List the prime factors of i.
3, 5, 11, 223
Suppose -y - 5*q + 9124 = 0, -51*y + 46*y + 45505 = 2*q. List the prime factors of y.
3, 337
Let d(s) = s**3 + 4*s**2 - 61*s + 201. List the prime factors of d(24).
3, 5, 991
Let a = 1137 - -20827. What are the prime factors of a?
2, 17, 19
Suppose 3*h = -14 + 2. Let i(b) = 26*b - 6. Let n(s) = -27*s + 5. Let c(v) = h*i(v) - 3*n(v). What are the prime factors of c(-4)?
101
Let c(f) = -f**3 - 49*f**2 + 48*f - 84. List the prime factors of c(-52).
2, 3, 461
Suppose -16*g + 14 = -9*g. Let k be 6*5/15*g. Suppose 2*c - 522 = -4*v, 5*v - 8*v + 408 = -k*c. What are the prime factors of v?
2, 3, 11
Let q(g) = 17*g - 46. Let p be q(11). Suppose p = -4*y - 103. Let f = 30 - y. What are the prime factors of f?
7, 13
Let g(w) = 269*w**3 - 17*w**2 + 60*w - 9. List the prime factors of g(3).
3, 809
Let l(z) = -z**2 + 18*z - 18. Let i be l(14). Let n(f) = -19*f**2 - 4*f - 5. Let d be n(-1). What are the prime factors of (d/40)/((-1)/i)?
19
Let o be 10 - 2*(2 + -3). Suppose 0 = u - 5*u + o. Suppose -p = 4*g - 132, -2*g - u*p + 9 = -47. List the prime factors of g.
2, 17
What are the prime factors of (-307088)/12*399/(-266)?
2, 17, 1129
Let j = -28376 - -58872. What are the prime factors of j?
2, 953
Suppose 23*s = 4*b + 26*s - 30552, 0 = -b + 4*s + 7638. What are the prime factors of b?
2, 3, 19, 67
Let c(o) = -68*o**3 - o**2 - 3*o - 2. Let a be c(-1). Let f = 389 - a. What are the prime factors of f?
3, 107
Let t be (-2 - (-14)/6) + 31408/78. Let o = 1424 - t. What are the prime factors of o?
1021
Let u = 10802 + -7734. List the prime factors of u.
2, 13, 59
Let y = 225 + 5971. List the prime factors of y.
2, 1549
Let t = -601 + 1073. Let r = t - 84. List the prime factors of r.
2, 97
What are the prime factors of (-2529912)/(-110) + -5*(-6)/(-25)?
2, 3, 3833
Let x(m) = -m**3 - 22*m**2 + 40. Let o be x(-22). Suppose d - o = 160. List the prime factors of d.
2, 5
Let j(h) = 2*h**2 - 14. Let y be j(-4). Suppose 17*d - y*d + 738 = v, 0 = d - 4*v - 748. What are the prime factors of d?
2, 5, 37
Suppose -137*o + 139*o + 5*q - 47838 = 0, o = 3*q + 23908. What are the prime factors of o?
2, 11, 1087
Suppose 14*k + 330 = -580. Let y = 1199 + k. What are the prime factors of y?
2, 3, 7
Let u(m) = 4*m**2 - 140*m + 12265. What are the prime factors of u(0)?
5, 11, 223
Let l(s) = 8002*s**3 + s**2 - 20*s + 19. List the prime factors of l(1).
2, 4001
Let y(p) = 4*p + 279. Let o be y(-43). Let m = -40 - -28. Let z = m + o. What are the prime factors of z?
5, 19
Let d(i) = 13*i**2 + 13*i - 9. Suppose -5*t = 5*c - 9 + 44, 3*t = -5*c - 23. What are the prime factors of d(t)?
3, 127
Let u be (13 - (5 - 3)) + 0. Suppose 50 = -y + u*y. Suppose 5*s + 601 = y*a - 54, 0 = -3*a + 2*s + 394. What are the prime factors of a?
2, 3, 11
Let k be ((-17226)/24)/11*-4. Let q = -7 + k. List the prime factors of q.
2, 127
Suppose 33*h - 26*h - 805 = 0. Let p = h + -197. Let m = 19 - p. What are the prime factors of m?
101
List the prime factors of 1 + -4 + 12472 + (0 - 5).
2, 19, 41
Let q(t) = 60*t + 3. Suppose -87 = -d - 0*b - 3*b, 0 = 3*b + 3. Let c = 91 - d. List the prime factors of q(c).
3, 7
Let s(j) = -j**2 - 7*j - 10. Let b be s(-4). Suppose 2*o - k = 3*o - 4, -3*k = b*o - 7. Let f(a) = 4*a + 30. What are the prime factors of f(o)?
2, 5
Let z(x) = -3 + 11*x**2 + 1 - 6 - x**3 + 2*x - 11. Let f be z(11). Suppose -p - f*o = -89, 5*p - o + 8 = 453. What are the prime factors of p?
89
Let y = 24601 + 2370. What are the prime factors of y?
7, 3853
Suppose -2*p = -l + 6607, 11145 - 37565 = -4*l + 4*p. What are the prime factors of l?
3, 31, 71
Suppose 5*i - 11 + 1 = 0. Suppose 0 = i*v - 0*v - 494. What are the prime factors of v?
13, 19
Let v(p) = 2*p + 108. Let o(u) = -2*u - 128. Let d(x) = 5*o(x) + 6*v(x). Suppose -3*z - 4*q + 14 = 0, 5*z = -2*q - 2*q + 26. What are the prime factors of d(z)?
2, 5
Suppose 0 = 9*l + 34 + 803. Let o(c) = 2*c**2 - 3*c - 3. Let d be o(10). Let q = d + l. What are the prime factors of q?
2, 37
Let r = 174 - 171. Let z = -31 - -305. Suppose y + r*y + 4 = 0, -4*k + z = -2*y. What are the prime factors of k?
2, 17
Let n = 2561 + -1764. Let v = n - 1605. List the prime factors of (v/1)/(-4) + -4.
2, 3, 11
Suppose -39 = l - 3*a, 0 = -2*l + l - 4*a - 32. Let k = -33 - l. Suppose -q + k*g + 144 = 0, -4*q + 2*g = 3*g - 628. What are the prime factors of q?
2, 3, 13
Suppose 4*i = -52*j + 53*j - 9224, -2*j = -4*i - 18472. List the prime factors of j.
2, 17
Let n(d) = 4*d**2 - 3*d - 9. Let o be n(3). Let w(c) = -7*c + 2 + c**2 + 0*c**2 - o - 22. What are the prime factors of w(16)?
2, 53
Let m = -218 + -47. Let l = m + 548. What are the prime factors of l?
283
Let v be (-1116)/(-54) + 2/(-3). Suppose -10*z = -15*z + v. Suppose -z*g = -2*g - 170. What are the prime factors of g?
5, 17
What are the prime factors of ((-142)/4)/((-4)/2968)?
7, 53, 71
Suppose 5*k = 13 - 3, 5*n - k = 46123. List the prime factors of n.
3, 5, 41
Let f(v) = v + 27*v**2 + 23*v**2 - 30*v**2 + 6*v**2. Let u be f(-4). Suppose -2*n + 418 = 2*x, -4*x + u = 2*n - 0*x. List the prime factors of n.
2, 53
Suppose -8*g + 366 = 2*t - 4*g, 697 = 4*t + g. Suppose 18*d - 1163 + t = 0. List the prime factors of d.
5, 11
Let i = 24217 + -6282. What are the prime factors of i?
5, 17, 211
Let z(f) = -f**3 - 5*f**2 - f + 15. Let w be z(-4). Suppose 377 = 4*t - w*t. What are the prime factors of t?
13, 29
Suppose -b + 3*r + 3227 = 0, -r + 4*r - 6499 = -2*b. What are the prime factors of b?
2, 1621
Suppose -11 = -2*l + 51. Suppose -89 - l = -5*r. Let i = 46 - r. What are the prime factors of i?
2, 11
Suppose 18177 = r + 3*d, -3*d + 5198 = 3*r - 49315. What are the prime factors of r?
2, 3, 757
Let g(x) = -5*x - 28. Let v be g(-6). Suppose -s + 71 = -v*s. Let r = s - -89. List the prime factors of r.
2, 3
Let q(g) = 550*g**2 - 16*g - 44. What are the prime factors of q(-3)?
2, 2477
Let z(w) = -2*w**2 + 6. Let v be z(6). Let b = -14 + 85. Let o = v + b. List the prime factors of o.
5
Let b(y) be the third derivative of 7*y**5/40 - 5*y**4/24 - 2*y**3 + 15*y**2. Let u(t) be the first derivative of b(t). What are the prime factors of u(6)?
11
What are the prime factors of (-501328)/(-20) - (14 + 1020/(-75))?
2, 83, 151
Suppose -114875 - 476285 = -40*p + 30*p. What are the prime factors of p?
2, 14779
Let v be -3638*(-5)/30 + 2/(-6). Let k = -404 + v. What are the prime factors of k?
2, 101
Let y(a) = -70*a + 312. List the prime factors of y(-28).
2, 71
Suppose -q + 4*u = -7922, 7940 = 16*q - 15*q - u. List the prime factors of q.
2, 29, 137
What are the prime factors of (803768/62)/((-5)/(-5))?
2, 7, 463
Let v be (-4)/(-6) - (-60)/45. Suppose 0*q + v*q - s = 22, 2*s = 3*q - 31. List the prime factors of q.
13
Suppose -11*g + 9*g = 56. Let k = g + 30. Suppose 2*w + 3*z = 69, k*z = w + 4 - 56. List the prime factors of w.
2, 3, 7
Suppose -9 = -2*n + 5. Suppose -29 = n*x - 6*x. Let w = -13 - x. List the prime factors of w.
2
Suppose 0 = 236*u - 217*u - 24054. List the prime factors of u.
2, 3, 211
Let o(r) = r**3 - 11*r**2 + 151*r + 86. What are the prime factors of o(21)?
11, 17, 41
Let r(j) = -j**3 + 4*j**2 - 9*j - 14. Let p be r(-5). Let x = 349 - p. What are the prime factors of x?
3, 31
Suppose 50*g - 746520 = -34*g + 24*g. List the prime factors of g.
2, 6221
What are the prime factors of (-29)/(22311/(-3717) + -1 + 7)?
7, 29, 59
Suppose -21 = -10*h + 3*h. Suppose -558 = -2*z - 4*p, h*p - p = -5*z + 1403. What are the prime factors of z?
281
Let q be 447/1788 - ((-303)/4 - -1). Suppose q*a - 1625 = 74*a. What are the prime factors of a?
5, 13
Let t(s) = 30*s**3 - s**2 - 4*s + 7. Let z be t(2). Let b be (1/(-1))/((-5)/z). List the prime factors of (b - (0 - -2)) + 16/4.
7
Let t(f) = -137*f + 4742. List the prime factors of t(-101).
3, 11, 563
Let g(k) = -2*k**2 - 12*k + 57. Let y be g(13). Let s = -215 - y. Wh